{"id":8427,"date":"2025-08-20T10:11:45","date_gmt":"2025-08-20T08:11:45","guid":{"rendered":"https:\/\/lespassagees.com\/project\/a-venir-%c2%b7-my-strom\/"},"modified":"2026-03-08T07:35:30","modified_gmt":"2026-03-08T06:35:30","slug":"a-venir-%c2%b7-my-strom","status":"publish","type":"project","link":"https:\/\/lespassagees.com\/fr\/project\/a-venir-%c2%b7-my-strom\/","title":{"rendered":"My Str\u00f6m \u00b7 2026"},"content":{"rendered":"","protected":false},"featured_media":9146,"template":"","filtre":[],"class_list":["post-8427","project","type-project","status-publish","has-post-thumbnail","hentry"],"acf":[],"yoast_head":"<!-- This site is optimized with the Yoast SEO plugin v26.7 - https:\/\/yoast.com\/wordpress\/plugins\/seo\/ -->\n<title>Projects - Les Passag\u00e9es<\/title>\n<meta name=\"description\" content=\"D\u00e9couvrez nos projets, plongez dans l&#039;univers de notre maison cr\u00e9ative et explorez un \u00e9ventail inspirant de cr\u00e9ations collectives uniques.\" \/>\n<meta name=\"robots\" content=\"index, follow, max-snippet:-1, max-image-preview:large, max-video-preview:-1\" \/>\n<link rel=\"canonical\" href=\"https:\/\/lespassagees.com\/fr\/project\/a-venir-\u00b7-my-strom\/\" \/>\n<meta property=\"og:locale\" content=\"fr_FR\" \/>\n<meta property=\"og:type\" content=\"article\" \/>\n<meta property=\"og:title\" content=\"Projects - Les Passag\u00e9es\" \/>\n<meta property=\"og:description\" content=\"D\u00e9couvrez nos projets, plongez dans l&#039;univers de notre maison cr\u00e9ative et explorez un \u00e9ventail inspirant de cr\u00e9ations collectives uniques.\" \/>\n<meta property=\"og:url\" content=\"https:\/\/lespassagees.com\/fr\/project\/a-venir-\u00b7-my-strom\/\" \/>\n<meta property=\"og:site_name\" content=\"Les Passag\u00e9es\" \/>\n<meta property=\"article:modified_time\" content=\"2026-03-08T06:35:30+00:00\" \/>\n<meta property=\"og:image\" content=\"https:\/\/lespassagees.com\/wp-content\/uploads\/2025\/08\/DSC02028\u00a9AnneClaireHeraud-scaled.jpg\" \/>\n\t<meta property=\"og:image:width\" content=\"1365\" \/>\n\t<meta property=\"og:image:height\" content=\"2048\" \/>\n\t<meta property=\"og:image:type\" content=\"image\/jpeg\" \/>\n<meta name=\"twitter:card\" content=\"summary_large_image\" \/>\n<script type=\"application\/ld+json\" class=\"yoast-schema-graph\">{\"@context\":\"https:\/\/schema.org\",\"@graph\":[{\"@type\":\"WebPage\",\"@id\":\"https:\/\/lespassagees.com\/fr\/project\/a-venir-%c2%b7-my-strom\/\",\"url\":\"https:\/\/lespassagees.com\/fr\/project\/a-venir-%c2%b7-my-strom\/\",\"name\":\"Projects - Les Passag\u00e9es\",\"isPartOf\":{\"@id\":\"https:\/\/lespassagees.com\/#website\"},\"primaryImageOfPage\":{\"@id\":\"https:\/\/lespassagees.com\/fr\/project\/a-venir-%c2%b7-my-strom\/#primaryimage\"},\"image\":{\"@id\":\"https:\/\/lespassagees.com\/fr\/project\/a-venir-%c2%b7-my-strom\/#primaryimage\"},\"thumbnailUrl\":\"https:\/\/lespassagees.com\/wp-content\/uploads\/2025\/08\/DSC02028\u00a9AnneClaireHeraud-scaled.jpg\",\"datePublished\":\"2025-08-20T08:11:45+00:00\",\"dateModified\":\"2026-03-08T06:35:30+00:00\",\"description\":\"D\u00e9couvrez nos projets, plongez dans l'univers de notre maison cr\u00e9ative et explorez un \u00e9ventail inspirant de cr\u00e9ations collectives uniques.\",\"breadcrumb\":{\"@id\":\"https:\/\/lespassagees.com\/fr\/project\/a-venir-%c2%b7-my-strom\/#breadcrumb\"},\"inLanguage\":\"fr-FR\",\"potentialAction\":[{\"@type\":\"ReadAction\",\"target\":[\"https:\/\/lespassagees.com\/fr\/project\/a-venir-%c2%b7-my-strom\/\"]}]},{\"@type\":\"ImageObject\",\"inLanguage\":\"fr-FR\",\"@id\":\"https:\/\/lespassagees.com\/fr\/project\/a-venir-%c2%b7-my-strom\/#primaryimage\",\"url\":\"https:\/\/lespassagees.com\/wp-content\/uploads\/2025\/08\/DSC02028\u00a9AnneClaireHeraud-scaled.jpg\",\"contentUrl\":\"https:\/\/lespassagees.com\/wp-content\/uploads\/2025\/08\/DSC02028\u00a9AnneClaireHeraud-scaled.jpg\",\"width\":1365,\"height\":2048},{\"@type\":\"BreadcrumbList\",\"@id\":\"https:\/\/lespassagees.com\/fr\/project\/a-venir-%c2%b7-my-strom\/#breadcrumb\",\"itemListElement\":[{\"@type\":\"ListItem\",\"position\":1,\"name\":\"Accueil\",\"item\":\"https:\/\/lespassagees.com\/fr\/\"},{\"@type\":\"ListItem\",\"position\":2,\"name\":\"Projects\",\"item\":\"https:\/\/lespassagees.com\/our-projects\/\"},{\"@type\":\"ListItem\",\"position\":3,\"name\":\"My Str\u00f6m \u00b7 2026\"}]},{\"@type\":\"WebSite\",\"@id\":\"https:\/\/lespassagees.com\/#website\",\"url\":\"https:\/\/lespassagees.com\/\",\"name\":\"Les Passag\u00e9es\",\"description\":\"\",\"publisher\":{\"@id\":\"https:\/\/lespassagees.com\/#organization\"},\"potentialAction\":[{\"@type\":\"SearchAction\",\"target\":{\"@type\":\"EntryPoint\",\"urlTemplate\":\"https:\/\/lespassagees.com\/?s={search_term_string}\"},\"query-input\":{\"@type\":\"PropertyValueSpecification\",\"valueRequired\":true,\"valueName\":\"search_term_string\"}}],\"inLanguage\":\"fr-FR\"},{\"@type\":\"Organization\",\"@id\":\"https:\/\/lespassagees.com\/#organization\",\"name\":\"Les Passag\u00e9es\",\"url\":\"https:\/\/lespassagees.com\/\",\"logo\":{\"@type\":\"ImageObject\",\"inLanguage\":\"fr-FR\",\"@id\":\"https:\/\/lespassagees.com\/#\/schema\/logo\/image\/\",\"url\":\"https:\/\/lespassagees.com\/wp-content\/uploads\/2023\/04\/logo-noir-1.png\",\"contentUrl\":\"https:\/\/lespassagees.com\/wp-content\/uploads\/2023\/04\/logo-noir-1.png\",\"width\":700,\"height\":437,\"caption\":\"Les Passag\u00e9es\"},\"image\":{\"@id\":\"https:\/\/lespassagees.com\/#\/schema\/logo\/image\/\"},\"sameAs\":[\"https:\/\/www.instagram.com\/lespassagees\/\"]}]}<\/script>\n<!-- \/ Yoast SEO plugin. -->","yoast_head_json":{"title":"Projects - Les Passag\u00e9es","description":"D\u00e9couvrez nos projets, plongez dans l'univers de notre maison cr\u00e9ative et explorez un \u00e9ventail inspirant de cr\u00e9ations collectives uniques.","robots":{"index":"index","follow":"follow","max-snippet":"max-snippet:-1","max-image-preview":"max-image-preview:large","max-video-preview":"max-video-preview:-1"},"canonical":"https:\/\/lespassagees.com\/fr\/project\/a-venir-\u00b7-my-strom\/","og_locale":"fr_FR","og_type":"article","og_title":"Projects - Les Passag\u00e9es","og_description":"D\u00e9couvrez nos projets, plongez dans l'univers de notre maison cr\u00e9ative et explorez un \u00e9ventail inspirant de cr\u00e9ations collectives uniques.","og_url":"https:\/\/lespassagees.com\/fr\/project\/a-venir-\u00b7-my-strom\/","og_site_name":"Les Passag\u00e9es","article_modified_time":"2026-03-08T06:35:30+00:00","og_image":[{"width":1365,"height":2048,"url":"https:\/\/lespassagees.com\/wp-content\/uploads\/2025\/08\/DSC02028\u00a9AnneClaireHeraud-scaled.jpg","type":"image\/jpeg"}],"twitter_card":"summary_large_image","schema":{"@context":"https:\/\/schema.org","@graph":[{"@type":"WebPage","@id":"https:\/\/lespassagees.com\/fr\/project\/a-venir-%c2%b7-my-strom\/","url":"https:\/\/lespassagees.com\/fr\/project\/a-venir-%c2%b7-my-strom\/","name":"Projects - Les Passag\u00e9es","isPartOf":{"@id":"https:\/\/lespassagees.com\/#website"},"primaryImageOfPage":{"@id":"https:\/\/lespassagees.com\/fr\/project\/a-venir-%c2%b7-my-strom\/#primaryimage"},"image":{"@id":"https:\/\/lespassagees.com\/fr\/project\/a-venir-%c2%b7-my-strom\/#primaryimage"},"thumbnailUrl":"https:\/\/lespassagees.com\/wp-content\/uploads\/2025\/08\/DSC02028\u00a9AnneClaireHeraud-scaled.jpg","datePublished":"2025-08-20T08:11:45+00:00","dateModified":"2026-03-08T06:35:30+00:00","description":"D\u00e9couvrez nos projets, plongez dans l'univers de notre maison cr\u00e9ative et explorez un \u00e9ventail inspirant de cr\u00e9ations collectives uniques.","breadcrumb":{"@id":"https:\/\/lespassagees.com\/fr\/project\/a-venir-%c2%b7-my-strom\/#breadcrumb"},"inLanguage":"fr-FR","potentialAction":[{"@type":"ReadAction","target":["https:\/\/lespassagees.com\/fr\/project\/a-venir-%c2%b7-my-strom\/"]}]},{"@type":"ImageObject","inLanguage":"fr-FR","@id":"https:\/\/lespassagees.com\/fr\/project\/a-venir-%c2%b7-my-strom\/#primaryimage","url":"https:\/\/lespassagees.com\/wp-content\/uploads\/2025\/08\/DSC02028\u00a9AnneClaireHeraud-scaled.jpg","contentUrl":"https:\/\/lespassagees.com\/wp-content\/uploads\/2025\/08\/DSC02028\u00a9AnneClaireHeraud-scaled.jpg","width":1365,"height":2048},{"@type":"BreadcrumbList","@id":"https:\/\/lespassagees.com\/fr\/project\/a-venir-%c2%b7-my-strom\/#breadcrumb","itemListElement":[{"@type":"ListItem","position":1,"name":"Accueil","item":"https:\/\/lespassagees.com\/fr\/"},{"@type":"ListItem","position":2,"name":"Projects","item":"https:\/\/lespassagees.com\/our-projects\/"},{"@type":"ListItem","position":3,"name":"My Str\u00f6m \u00b7 2026"}]},{"@type":"WebSite","@id":"https:\/\/lespassagees.com\/#website","url":"https:\/\/lespassagees.com\/","name":"Les Passag\u00e9es","description":"","publisher":{"@id":"https:\/\/lespassagees.com\/#organization"},"potentialAction":[{"@type":"SearchAction","target":{"@type":"EntryPoint","urlTemplate":"https:\/\/lespassagees.com\/?s={search_term_string}"},"query-input":{"@type":"PropertyValueSpecification","valueRequired":true,"valueName":"search_term_string"}}],"inLanguage":"fr-FR"},{"@type":"Organization","@id":"https:\/\/lespassagees.com\/#organization","name":"Les Passag\u00e9es","url":"https:\/\/lespassagees.com\/","logo":{"@type":"ImageObject","inLanguage":"fr-FR","@id":"https:\/\/lespassagees.com\/#\/schema\/logo\/image\/","url":"https:\/\/lespassagees.com\/wp-content\/uploads\/2023\/04\/logo-noir-1.png","contentUrl":"https:\/\/lespassagees.com\/wp-content\/uploads\/2023\/04\/logo-noir-1.png","width":700,"height":437,"caption":"Les Passag\u00e9es"},"image":{"@id":"https:\/\/lespassagees.com\/#\/schema\/logo\/image\/"},"sameAs":["https:\/\/www.instagram.com\/lespassagees\/"]}]}},"_links":{"self":[{"href":"https:\/\/lespassagees.com\/fr\/wp-json\/wp\/v2\/project\/8427","targetHints":{"allow":["GET"]}}],"collection":[{"href":"https:\/\/lespassagees.com\/fr\/wp-json\/wp\/v2\/project"}],"about":[{"href":"https:\/\/lespassagees.com\/fr\/wp-json\/wp\/v2\/types\/project"}],"wp:featuredmedia":[{"embeddable":true,"href":"https:\/\/lespassagees.com\/fr\/wp-json\/wp\/v2\/media\/9146"}],"wp:attachment":[{"href":"https:\/\/lespassagees.com\/fr\/wp-json\/wp\/v2\/media?parent=8427"}],"wp:term":[{"taxonomy":"filtre","embeddable":true,"href":"https:\/\/lespassagees.com\/fr\/wp-json\/wp\/v2\/filtre?post=8427"}],"curies":[{"name":"wp","href":"https:\/\/api.w.org\/{rel}","templated":true}]}}

My Ström · 2026

<!-- This site is optimized with the Yoast SEO plugin v26.7 - https://yoast.com/wordpress/plugins/seo/ -->
<title>Projects - Les Passagées</title>
<meta name="description" content="Découvrez nos projets, plongez dans l&#039;univers de notre maison créative et explorez un éventail inspirant de créations collectives uniques." />
<meta name="robots" content="index, follow, max-snippet:-1, max-image-preview:large, max-video-preview:-1" />
<link rel="canonical" href="https://lespassagees.com/fr/project/a-venir-·-my-strom/" />
<meta property="og:locale" content="fr_FR" />
<meta property="og:type" content="article" />
<meta property="og:title" content="Projects - Les Passagées" />
<meta property="og:description" content="Découvrez nos projets, plongez dans l&#039;univers de notre maison créative et explorez un éventail inspirant de créations collectives uniques." />
<meta property="og:url" content="https://lespassagees.com/fr/project/a-venir-·-my-strom/" />
<meta property="og:site_name" content="Les Passagées" />
<meta property="article:modified_time" content="2026-03-08T06:35:30+00:00" />
<meta property="og:image" content="https://lespassagees.com/wp-content/uploads/2025/08/DSC02028©AnneClaireHeraud-scaled.jpg" />
	<meta property="og:image:width" content="1365" />
	<meta property="og:image:height" content="2048" />
	<meta property="og:image:type" content="image/jpeg" />
<meta name="twitter:card" content="summary_large_image" />
<script type="application/ld+json" class="yoast-schema-graph">{"@context":"https://schema.org","@graph":[{"@type":"WebPage","@id":"https://lespassagees.com/fr/project/a-venir-%c2%b7-my-strom/","url":"https://lespassagees.com/fr/project/a-venir-%c2%b7-my-strom/","name":"Projects - Les Passagées","isPartOf":{"@id":"https://lespassagees.com/#website"},"primaryImageOfPage":{"@id":"https://lespassagees.com/fr/project/a-venir-%c2%b7-my-strom/#primaryimage"},"image":{"@id":"https://lespassagees.com/fr/project/a-venir-%c2%b7-my-strom/#primaryimage"},"thumbnailUrl":"https://lespassagees.com/wp-content/uploads/2025/08/DSC02028©AnneClaireHeraud-scaled.jpg","datePublished":"2025-08-20T08:11:45+00:00","dateModified":"2026-03-08T06:35:30+00:00","description":"Découvrez nos projets, plongez dans l'univers de notre maison créative et explorez un éventail inspirant de créations collectives uniques.","breadcrumb":{"@id":"https://lespassagees.com/fr/project/a-venir-%c2%b7-my-strom/#breadcrumb"},"inLanguage":"fr-FR","potentialAction":[{"@type":"ReadAction","target":["https://lespassagees.com/fr/project/a-venir-%c2%b7-my-strom/"]}]},{"@type":"ImageObject","inLanguage":"fr-FR","@id":"https://lespassagees.com/fr/project/a-venir-%c2%b7-my-strom/#primaryimage","url":"https://lespassagees.com/wp-content/uploads/2025/08/DSC02028©AnneClaireHeraud-scaled.jpg","contentUrl":"https://lespassagees.com/wp-content/uploads/2025/08/DSC02028©AnneClaireHeraud-scaled.jpg","width":1365,"height":2048},{"@type":"BreadcrumbList","@id":"https://lespassagees.com/fr/project/a-venir-%c2%b7-my-strom/#breadcrumb","itemListElement":[{"@type":"ListItem","position":1,"name":"Accueil","item":"https://lespassagees.com/fr/"},{"@type":"ListItem","position":2,"name":"Projects","item":"https://lespassagees.com/our-projects/"},{"@type":"ListItem","position":3,"name":"My Ström · 2026"}]},{"@type":"WebSite","@id":"https://lespassagees.com/#website","url":"https://lespassagees.com/","name":"Les Passagées","description":"","publisher":{"@id":"https://lespassagees.com/#organization"},"potentialAction":[{"@type":"SearchAction","target":{"@type":"EntryPoint","urlTemplate":"https://lespassagees.com/?s={search_term_string}"},"query-input":{"@type":"PropertyValueSpecification","valueRequired":true,"valueName":"search_term_string"}}],"inLanguage":"fr-FR"},{"@type":"Organization","@id":"https://lespassagees.com/#organization","name":"Les Passagées","url":"https://lespassagees.com/","logo":{"@type":"ImageObject","inLanguage":"fr-FR","@id":"https://lespassagees.com/#/schema/logo/image/","url":"https://lespassagees.com/wp-content/uploads/2023/04/logo-noir-1.png","contentUrl":"https://lespassagees.com/wp-content/uploads/2023/04/logo-noir-1.png","width":700,"height":437,"caption":"Les Passagées"},"image":{"@id":"https://lespassagees.com/#/schema/logo/image/"},"sameAs":["https://www.instagram.com/lespassagees/"]}]}</script>
<!-- / Yoast SEO plugin. -->

Projects - Les Passagées

Découvrez nos projets, plongez dans l'univers de notre maison créative et explorez un éventail inspirant de créations collectives uniques.

Les Passagées
